{"id":70,"date":"2023-06-14T18:54:34","date_gmt":"2023-06-14T18:54:34","guid":{"rendered":"https:\/\/dmv.wordpress.hull.ac.uk\/?page_id=70"},"modified":"2024-01-04T17:41:56","modified_gmt":"2024-01-04T17:41:56","slug":"publications","status":"publish","type":"page","link":"https:\/\/dmv.wordpress.hull.ac.uk\/index.php\/biography\/publications\/","title":{"rendered":"Publications"},"content":{"rendered":"\n<h2 class=\"wp-block-heading\">Bibliography of works by Maurice Warwick Beresford on Deserted or Lost Villages <\/h2>\n\n\n\n<p class=\"has-text-align-right\"><a href=\"https:\/\/dmv.wordpress.hull.ac.uk\/index.php\/biography\/\">Back to Beresford<\/a><\/p>\n\n\n\n<p>This does not claim to be a comprehensive bibliography of Beresford\u2019s writing but rather of those works related to deserted medieval village studies.<\/p>\n\n\n\n<h2 class=\"wp-block-heading\">Books<\/h2>\n\n\n\n<p>Beresford, M.W. 1954. <em>The Lost Villages of England<\/em>. London: Lutterworth Press.<\/p>\n\n\n\n<p>Beresford, M.W. 1957. <em>History on the Ground<\/em>. London: Lutterworth Press.<\/p>\n\n\n\n<p>Beresford, M.W. and J.K.S. St Joseph 1958. <em>Medieval England: an Aerial Survey<\/em>. Cambridge: Cambridge University Press.<\/p>\n\n\n\n<p>Beresford, M.W., K.J. Allison and J.G. Hurst 1965. <em>The Deserted Villages of Oxfordshire<\/em>. Leicester: University of Leicester Department of English Local History, Occasional Papers 17.<\/p>\n\n\n\n<p>Beresford, M.W., K.J. Allison and J.G. Hurst 1966. <em>Deserted Villages of Northamptonshire<\/em>. Leicester: University of Leicester Department of English Local History, Occasional Papers 18.<\/p>\n\n\n\n<p>Beresford, M.W. and J.G. Hurst (eds) 1971. <em>Deserted Medieval Villages: Studies<\/em>. London: Lutterworth Press (1989 edition, Gloucester: Alan Sutton).<\/p>\n\n\n\n<p>Beresford, M.W. 1985. <em>Time and Place: Collected Essays<\/em> (especially chapters 5, 7, 8, 13, reprints of articles listed below on \u2018Isolated and Ruined Churches\u2019, \u2018Fallowfield in Northumberland\u2019, \u2018East Layton in Durham\u2019 and \u2018The Poll Tax and the Census of Sheep\u2019). London: Hambledon.<\/p>\n\n\n\n<p>Beresford, M.W. in R.D. Bell, M.W. Beresford and others 1987. <em>Wharram. A Study of Settlement on the Yorkshire Wolds, Vol. III, Wharram Percy: the Church of St Martin<\/em>. London: Society for Medieval Archaeology Monograph Series 11.<\/p>\n\n\n\n<p>Beresford, M.W. and J.G. Hurst 1990. <em>Wharram Percy, Deserted Medieval Village<\/em>. London: Batsford\/English Heritage.<\/p>\n\n\n\n<p>Beresford, M.W. 1998. <em>The Lost Villages of England<\/em>, with author\u2019s enlarged introduction and new introduction by Christopher Dyer. London: Sutton Publishing.<\/p>\n\n\n\n<h2 class=\"wp-block-heading\">Chapter in Books<\/h2>\n\n\n\n<p>Beresford, M.W. 1954. \u2018The Lost Villages of Northern England\u2019, in W.A. Singleton (ed.) <em>Studies in Architectural History<\/em> 1: 115-38. York: St Anthony\u2019s Press.<\/p>\n\n\n\n<p>Beresford, M.W. 1954. \u2018A Journey among Deserted Villages\u2019, <em>History on the Ground<\/em>: 93-123. London: Lutterworth Press.<\/p>\n\n\n\n<p>Beresford, M.W. 1965. \u2018Villages D\u00e9sert\u00e9s: Bilan de la Recherche Anglaise\u2019, in <em>Villages D\u00e9sert\u00e9s et Histoire \u00c9conomique, XIe-XVIIIe Si\u00e8cle, \u00c9cole Pratique des Hautes \u00c9tudes, 6e Section, Les Hommes de la Terre<\/em>, 11: 533-80: Paris: SEVPEN.<\/p>\n\n\n\n<p>Beresford, M.W. 1966. \u2018Medieval and Later Settlement\u2019, in A. Raistrick (ed.) <em>North York Moors National Park Guide<\/em> (4): 45-55. London: HMSO.<\/p>\n\n\n\n<p>Beresford, M.W. 1971. \u2018A Review of Historical Research (to 1968)\u2019, in M.W. Beresford and J.G. Hurst (eds) <em>Deserted Medieval Villages<\/em>: <em>Studies<\/em>: 3-75. London: Lutterworth Press (1989 edition, Gloucester: Alan Sutton).<\/p>\n\n\n\n<p>Beresford, M.W. 1971 (1989 ed). \u2018An Historian\u2019s Appraisal of Archaeological Research\u2019, in M.W. Beresford and J.G. Hurst (eds). <em>Deserted Medieval Villages: Studies<\/em>: 169-81. London: Lutterworth Press (1989 edition, Gloucester: Alan Sutton).<\/p>\n\n\n\n<p>Beresford, M.W. 1973. \u2018Founded Towns and Deserted Villages of the Middle Ages\u2019, in A.R.H. Baker and J.B. Harley (eds) <em>Man Made the Land<\/em>: 79-82. Newton Abbot: David &amp; Charles.<\/p>\n\n\n\n<p>Beresford, M.W. 1973. \u2018Isolated and Ruined Churches as Evidence for Population Contraction\u2019, in <em>\u00c9conomies et Soci\u00e9t\u00e9s au Moyen Age: M\u00e9langes Offerts \u00e0 Edwoard Perroy:<\/em> 573-80. Paris: Sorbonne, S\u00e9rie \u00c9tudes, 5.<\/p>\n\n\n\n<p>Beresford, M.W and J.G. Hurst. 1976. \u2018Wharram Percy: A Case Study in Microtopography\u2019, in P.H. Sawyer (ed.) <em>Medieval Settlement<\/em>: 114-44. London: Arnold.<\/p>\n\n\n\n<p>Beresford, M.W. 1979. \u2018Documentary Evidence for the History of Wharram Percy\u2019, in D.D. Andrews and G. Milne (eds) <em>Wharram. A Study of Settlement on the Yorkshire Wolds 1: Domestic Settlement<\/em> 5-25. London: Society for Medieval Archaeology Monograph Series 8.<\/p>\n\n\n\n<p>Beresford, M.W and J.G. Hurst. 1979. \u2018The Wharram Research Project: Recent Results (1964-78)\u2019, in P.H. Sawyer (ed.) English Medieval Settlement: 83-85. London: Arnold.<\/p>\n\n\n\n<p>Beresford, M.W. 1983. \u2018The Medieval Village Research Group: The First Thirty Years, 1952-81\u2019, in D.A. Hinton (ed.) <em>25 Years of Medieval Archaeology<\/em>: 90-96. Sheffield: Department of Prehistory and Archaeology.<\/p>\n\n\n\n<p>Beresford, M.W. 1985. \u2018Mapping the Medieval Landscape: Forty Years in the Field\u2019, in S.R.J. Woodell (ed.) <em>The English Landscape: Past, Present and Future: The Wolfson College Lectures<\/em> 1983: 106-28. Oxford: Oxford University Press.<\/p>\n\n\n\n<p>Beresford, M.W. 1987. \u2018The Documentary Evidence\u2019, in R.D. Bell, M.W. Beresford and others, <em>Wharram. A Study of Settlement on the Yorkshire Wolds, Vol. III: Wharram Percy: the Church of St Martin<\/em>, 5-46. London: Society for Medieval Archaeology Series no 11.<\/p>\n\n\n\n<h2 class=\"wp-block-heading\">Articles<\/h2>\n\n\n\n<p>Beresford, M.W. 1948. \u2018Lost Villages\u2019, <em>Ashridge Quarterly<\/em> 1.3: 112-15.<\/p>\n\n\n\n<p>Beresford, M.W. 1948. \u2018Lost Villages\u2019, <em>Warwickshire Journal<\/em> 2: 298-99.<\/p>\n\n\n\n<p>Beresford, M.W. 1948. \u2018Tracing Lost Villages\u2019, <em>Country Life<\/em> 115: 772-73.<\/p>\n\n\n\n<p>Beresford, M.W. 1949. \u2018Finding a Lost Village\u2019, <em>The Listener<\/em> 91: 749.<\/p>\n\n\n\n<p>Beresford, M.W. 1950. \u2018The Deserted Villages of Warwickshire\u2019, <em>Transactions and Proceedings of the Birmingham Archaeological Society<\/em> 66 (for 1945): 49-106.<\/p>\n\n\n\n<p>Beresford, M.W. 1950. \u2018Maps and the Medieval Landscape\u2019, <em>Antiquity<\/em> 24: 114-18.<\/p>\n\n\n\n<p>Beresford, M.W. 1951. \u2018The Lost Villages of Medieval England\u2019, <em>Geographical Journal<\/em> 117: 129-49.<\/p>\n\n\n\n<p>Beresford, M.W. 1951. \u2018The Lost Villages of Yorkshire, Part I\u2019, <em>Yorkshire Archaeological Journal<\/em> 37.4: 474-91.<\/p>\n\n\n\n<p>Beresford, M.W. 1952. \u2018The Lost Villages of Yorkshire, Part II\u2019, <em>Yorkshire Archaeological Journal<\/em> 38.1: 44-70<\/p>\n\n\n\n<p>Beresford, M.W. 1953. \u2018The Lost Villages of Yorkshire, Part III\u2019, <em>Yorkshire Archaeological Journal<\/em> 38.2: 215-40.<\/p>\n\n\n\n<p>Beresford, M.W. 1953. \u2018Glebe Terriers and Open-Field Buckinghamshire: with a Summary List of Deserted Villages of the County\u2019, <em>Records of Buckinghamshire<\/em> 16: 5-28.<\/p>\n\n\n\n<p>Beresford, M.W. 1953. \u2018The Deserted Medieval Villages of England\u2019, <em>Transactions of the Ancient Monuments Society<\/em>, new ser 1: 100-106.<\/p>\n\n\n\n<p>Beresford, M.W. 1953. \u2018Deserted Villages and the Historian\u2019, <em>Archaeological Newsletter<\/em> 4: 161-63.<\/p>\n\n\n\n<p>Beresford, M.W. 1953. \u2018The Poll Tax and Census of Sheep 1549, Part 1\u2019, <em>Agricultural History Review<\/em> 1.1: 9-15.<\/p>\n\n\n\n<p>Beresford, M.W. 1954. \u2018The Poll Tax and Census of Sheep 1549, Part 2\u2019, <em>Agricultural History Review<\/em> 2.1: 15-29.<\/p>\n\n\n\n<p>Beresford, M.W. 1954. \u2018The Lost Villages of Yorkshire, Part IV\u2019, <em>Yorkshire Archaeological Journal<\/em> 38.3: 280-309.<\/p>\n\n\n\n<p>Beresford, M.W. 1954. \u2018The Deserted Medieval Village: Work in Field and Documents\u2019, <em>Archaeological Newsletter<\/em> 5: 42-44.<\/p>\n\n\n\n<p>Beresford, M.V. 1957. \u2018A Farewell to Lost Villages\u2019, <em>University of Leeds Review<\/em> 5: 284-90.<\/p>\n\n\n\n<p>Beresford, M.W. 1958. \u2018The Poll Taxes of 1377, 1379 and 1381\u2019, <em>Amateur Historian<\/em> 3.7: 271-8.<\/p>\n\n\n\n<p>Beresford, M.W. 1958. \u2018The Lay Subsidies Part I, 1290-1334\u2019, <em>Amateur Historian<\/em> 3.9: 325-28.<\/p>\n\n\n\n<p>Beresford, M.W. 1959. \u2018The Lay Subsidies Part II, after 1334\u2019, <em>Amateur Historian<\/em> 4.3: 101-9.<\/p>\n\n\n\n<p>Beresford, M.W. and J.G. Hurst. 1962. \u2018Introduction to a First List of Deserted Medieval Village Sites in Berkshire\u2019, <em>Berkshire Archaeological Journal<\/em> 60: 92-97.<\/p>\n\n\n\n<p>Beresford, M.W. in DMVRG. 1963. \u2018A Provisional List of Deserted Medieval Villages in Leicestershire\u2019, <em>Transactions of the Leicestershire Archaeological Society<\/em> 39: 24-33.<\/p>\n\n\n\n<p>Beresford, M.W. 1964. \u2018Dispersed and Grouped Settlement in Medieval Cornwall\u2019, <em>Agricultural History Review<\/em> 12: 13-27.<\/p>\n\n\n\n<p>Beresford, M.W. 1966. \u2018Fallowfield, Northumberland: An Early Cartographic Representation of a Deserted Village\u2019, <em>Medieval Archaeology<\/em> 10: 164-67. Reprinted in M.W. Beresford, 1985. <em>Time and Place: Collected Essays<\/em>: 89-91. London: Hambledon Press.<\/p>\n\n\n\n<p>Beresford, M.W. 1967. \u2018East Layton, County Durham, in 1968: Another Early Cartographic Representation of a Deserted Village\u2019, <em>Medieval Archaeology<\/em> 11: 257-60. Reprinted in M.W. Beresford, 1985. <em>Time and Place: Collected Essays<\/em>: 93-95. London: Hambledon Press.<\/p>\n\n\n\n<p>Beresford, M.W. 1976. \u2018A Deserted Medieval Village in England\u2019, <em>Scientific American<\/em> 235.4: 116-28.<\/p>\n\n\n\n<p>Beresford, M.W. 1979. \u2018Deserted Villages in English Literature: Two Notes\u2019, <em>Medieval Village Research Group Annual Report<\/em> 27: 34-36.<\/p>\n\n\n\n<p>Beresford, M.W. 1980. \u2018Early Pictorial Representation of Deserted Village Sites\u2019 and \u2018MVRG: the First Thirty Years\u2019, <em>Medieval Village Research Group, Annual Report<\/em> 28: 35-38.<\/p>\n\n\n\n<p>Beresford, M.W. 1985. \u2018The Earliest Pre-desertion Plan of an English Village\u2019, <em>Medieval Village Research Group Annual Report Annual Report<\/em> 33: 36-37.<\/p>\n\n\n\n<p>Beresford, M.W. 1985. \u2018Forty Years in the Field\u2019, <em>The Historian<\/em> 6: 3-8.<\/p>\n\n\n\n<p>Beresford, M.W. 1986. \u2018A Draft Chronology of Deserted Village Studies\u2019, <em>Medieval Settlement Research Group Annual Report<\/em> 1: 19-23.<\/p>\n\n\n\n<p>Beresford, M.W. 1986. \u2018Forty Years in the Field: an Exaugural Lecture\u2019, <em>University of Leeds Review<\/em> 29: 27-46.<\/p>\n","protected":false},"excerpt":{"rendered":"<p>Bibliography of works by Maurice Warwick Beresford on Deserted or Lost Villages Back to Beresford This does not claim to be a comprehensive bibliography of Beresford\u2019s writing but rather of those works related to deserted medieval village studies. Books Beresford, M.W. 1954. The Lost Villages of England. London: Lutterworth Press. Beresford, M.W. 1957. History on [&hellip;]<\/p>\n","protected":false},"author":2,"featured_media":573,"parent":49,"menu_order":1,"comment_status":"closed","ping_status":"closed","template":"wp-custom-template-info-page","meta":{"footnotes":""},"class_list":["post-70","page","type-page","status-publish","has-post-thumbnail","hentry"],"yoast_head":"<!-- This site is optimized with the Yoast SEO plugin v27.3 - https:\/\/yoast.com\/product\/yoast-seo-wordpress\/ -->\n<title>Publications - Beresford\u2019s Lost Villages<\/title>\n<meta name=\"description\" content=\"Publications on deserted medieval villages and the medieval landscape by Maurice Warwick Beresford, Economic Historian.\" \/>\n<meta name=\"robots\" content=\"index, follow, max-snippet:-1, max-image-preview:large, max-video-preview:-1\" \/>\n<link rel=\"canonical\" href=\"https:\/\/dmv.wordpress.hull.ac.uk\/index.php\/biography\/publications\/\" \/>\n<meta property=\"og:locale\" content=\"en_GB\" \/>\n<meta property=\"og:type\" content=\"article\" \/>\n<meta property=\"og:title\" content=\"Publications - Beresford\u2019s Lost Villages\" \/>\n<meta property=\"og:description\" content=\"Publications on deserted medieval villages and the medieval landscape by Maurice Warwick Beresford, Economic Historian.\" \/>\n<meta property=\"og:url\" content=\"https:\/\/dmv.wordpress.hull.ac.uk\/index.php\/biography\/publications\/\" \/>\n<meta property=\"og:site_name\" content=\"Beresford\u2019s Lost Villages\" \/>\n<meta property=\"article:modified_time\" content=\"2024-01-04T17:41:56+00:00\" \/>\n<meta property=\"og:image\" content=\"https:\/\/dmv.wordpress.hull.ac.uk\/wp-content\/uploads\/2024\/01\/P1070194-scaled.jpg\" \/>\n\t<meta property=\"og:image:width\" content=\"2560\" \/>\n\t<meta property=\"og:image:height\" content=\"471\" \/>\n\t<meta property=\"og:image:type\" content=\"image\/jpeg\" \/>\n<meta name=\"twitter:card\" content=\"summary_large_image\" \/>\n<meta name=\"twitter:label1\" content=\"Estimated reading time\" \/>\n\t<meta name=\"twitter:data1\" content=\"6 minutes\" \/>\n<script type=\"application\/ld+json\" class=\"yoast-schema-graph\">{\"@context\":\"https:\\\/\\\/schema.org\",\"@graph\":[{\"@type\":\"WebPage\",\"@id\":\"https:\\\/\\\/dmv.wordpress.hull.ac.uk\\\/index.php\\\/biography\\\/publications\\\/\",\"url\":\"https:\\\/\\\/dmv.wordpress.hull.ac.uk\\\/index.php\\\/biography\\\/publications\\\/\",\"name\":\"Publications - Beresford\u2019s Lost Villages\",\"isPartOf\":{\"@id\":\"https:\\\/\\\/dmv.wordpress.hull.ac.uk\\\/#website\"},\"primaryImageOfPage\":{\"@id\":\"https:\\\/\\\/dmv.wordpress.hull.ac.uk\\\/index.php\\\/biography\\\/publications\\\/#primaryimage\"},\"image\":{\"@id\":\"https:\\\/\\\/dmv.wordpress.hull.ac.uk\\\/index.php\\\/biography\\\/publications\\\/#primaryimage\"},\"thumbnailUrl\":\"https:\\\/\\\/dmv.wordpress.hull.ac.uk\\\/wp-content\\\/uploads\\\/2024\\\/01\\\/P1070194-scaled.jpg\",\"datePublished\":\"2023-06-14T18:54:34+00:00\",\"dateModified\":\"2024-01-04T17:41:56+00:00\",\"description\":\"Publications on deserted medieval villages and the medieval landscape by Maurice Warwick Beresford, Economic Historian.\",\"breadcrumb\":{\"@id\":\"https:\\\/\\\/dmv.wordpress.hull.ac.uk\\\/index.php\\\/biography\\\/publications\\\/#breadcrumb\"},\"inLanguage\":\"en-GB\",\"potentialAction\":[{\"@type\":\"ReadAction\",\"target\":[\"https:\\\/\\\/dmv.wordpress.hull.ac.uk\\\/index.php\\\/biography\\\/publications\\\/\"]}]},{\"@type\":\"ImageObject\",\"inLanguage\":\"en-GB\",\"@id\":\"https:\\\/\\\/dmv.wordpress.hull.ac.uk\\\/index.php\\\/biography\\\/publications\\\/#primaryimage\",\"url\":\"https:\\\/\\\/dmv.wordpress.hull.ac.uk\\\/wp-content\\\/uploads\\\/2024\\\/01\\\/P1070194-scaled.jpg\",\"contentUrl\":\"https:\\\/\\\/dmv.wordpress.hull.ac.uk\\\/wp-content\\\/uploads\\\/2024\\\/01\\\/P1070194-scaled.jpg\",\"width\":2560,\"height\":471,\"caption\":\"The spine of Beresford's Lost Villages of England book\"},{\"@type\":\"BreadcrumbList\",\"@id\":\"https:\\\/\\\/dmv.wordpress.hull.ac.uk\\\/index.php\\\/biography\\\/publications\\\/#breadcrumb\",\"itemListElement\":[{\"@type\":\"ListItem\",\"position\":1,\"name\":\"Home\",\"item\":\"https:\\\/\\\/dmv.wordpress.hull.ac.uk\\\/\"},{\"@type\":\"ListItem\",\"position\":2,\"name\":\"Beresford\",\"item\":\"https:\\\/\\\/dmv.wordpress.hull.ac.uk\\\/index.php\\\/biography\\\/\"},{\"@type\":\"ListItem\",\"position\":3,\"name\":\"Publications\"}]},{\"@type\":\"WebSite\",\"@id\":\"https:\\\/\\\/dmv.wordpress.hull.ac.uk\\\/#website\",\"url\":\"https:\\\/\\\/dmv.wordpress.hull.ac.uk\\\/\",\"name\":\"Beresford\u2019s Lost Villages\",\"description\":\"\",\"potentialAction\":[{\"@type\":\"SearchAction\",\"target\":{\"@type\":\"EntryPoint\",\"urlTemplate\":\"https:\\\/\\\/dmv.wordpress.hull.ac.uk\\\/?s={search_term_string}\"},\"query-input\":{\"@type\":\"PropertyValueSpecification\",\"valueRequired\":true,\"valueName\":\"search_term_string\"}}],\"inLanguage\":\"en-GB\"}]}<\/script>\n<!-- \/ Yoast SEO plugin. -->","yoast_head_json":{"title":"Publications - Beresford\u2019s Lost Villages","description":"Publications on deserted medieval villages and the medieval landscape by Maurice Warwick Beresford, Economic Historian.","robots":{"index":"index","follow":"follow","max-snippet":"max-snippet:-1","max-image-preview":"max-image-preview:large","max-video-preview":"max-video-preview:-1"},"canonical":"https:\/\/dmv.wordpress.hull.ac.uk\/index.php\/biography\/publications\/","og_locale":"en_GB","og_type":"article","og_title":"Publications - Beresford\u2019s Lost Villages","og_description":"Publications on deserted medieval villages and the medieval landscape by Maurice Warwick Beresford, Economic Historian.","og_url":"https:\/\/dmv.wordpress.hull.ac.uk\/index.php\/biography\/publications\/","og_site_name":"Beresford\u2019s Lost Villages","article_modified_time":"2024-01-04T17:41:56+00:00","og_image":[{"width":2560,"height":471,"url":"https:\/\/dmv.wordpress.hull.ac.uk\/wp-content\/uploads\/2024\/01\/P1070194-scaled.jpg","type":"image\/jpeg"}],"twitter_card":"summary_large_image","twitter_misc":{"Estimated reading time":"6 minutes"},"schema":{"@context":"https:\/\/schema.org","@graph":[{"@type":"WebPage","@id":"https:\/\/dmv.wordpress.hull.ac.uk\/index.php\/biography\/publications\/","url":"https:\/\/dmv.wordpress.hull.ac.uk\/index.php\/biography\/publications\/","name":"Publications - Beresford\u2019s Lost Villages","isPartOf":{"@id":"https:\/\/dmv.wordpress.hull.ac.uk\/#website"},"primaryImageOfPage":{"@id":"https:\/\/dmv.wordpress.hull.ac.uk\/index.php\/biography\/publications\/#primaryimage"},"image":{"@id":"https:\/\/dmv.wordpress.hull.ac.uk\/index.php\/biography\/publications\/#primaryimage"},"thumbnailUrl":"https:\/\/dmv.wordpress.hull.ac.uk\/wp-content\/uploads\/2024\/01\/P1070194-scaled.jpg","datePublished":"2023-06-14T18:54:34+00:00","dateModified":"2024-01-04T17:41:56+00:00","description":"Publications on deserted medieval villages and the medieval landscape by Maurice Warwick Beresford, Economic Historian.","breadcrumb":{"@id":"https:\/\/dmv.wordpress.hull.ac.uk\/index.php\/biography\/publications\/#breadcrumb"},"inLanguage":"en-GB","potentialAction":[{"@type":"ReadAction","target":["https:\/\/dmv.wordpress.hull.ac.uk\/index.php\/biography\/publications\/"]}]},{"@type":"ImageObject","inLanguage":"en-GB","@id":"https:\/\/dmv.wordpress.hull.ac.uk\/index.php\/biography\/publications\/#primaryimage","url":"https:\/\/dmv.wordpress.hull.ac.uk\/wp-content\/uploads\/2024\/01\/P1070194-scaled.jpg","contentUrl":"https:\/\/dmv.wordpress.hull.ac.uk\/wp-content\/uploads\/2024\/01\/P1070194-scaled.jpg","width":2560,"height":471,"caption":"The spine of Beresford's Lost Villages of England book"},{"@type":"BreadcrumbList","@id":"https:\/\/dmv.wordpress.hull.ac.uk\/index.php\/biography\/publications\/#breadcrumb","itemListElement":[{"@type":"ListItem","position":1,"name":"Home","item":"https:\/\/dmv.wordpress.hull.ac.uk\/"},{"@type":"ListItem","position":2,"name":"Beresford","item":"https:\/\/dmv.wordpress.hull.ac.uk\/index.php\/biography\/"},{"@type":"ListItem","position":3,"name":"Publications"}]},{"@type":"WebSite","@id":"https:\/\/dmv.wordpress.hull.ac.uk\/#website","url":"https:\/\/dmv.wordpress.hull.ac.uk\/","name":"Beresford\u2019s Lost Villages","description":"","potentialAction":[{"@type":"SearchAction","target":{"@type":"EntryPoint","urlTemplate":"https:\/\/dmv.wordpress.hull.ac.uk\/?s={search_term_string}"},"query-input":{"@type":"PropertyValueSpecification","valueRequired":true,"valueName":"search_term_string"}}],"inLanguage":"en-GB"}]}},"_links":{"self":[{"href":"https:\/\/dmv.wordpress.hull.ac.uk\/index.php\/wp-json\/wp\/v2\/pages\/70","targetHints":{"allow":["GET"]}}],"collection":[{"href":"https:\/\/dmv.wordpress.hull.ac.uk\/index.php\/wp-json\/wp\/v2\/pages"}],"about":[{"href":"https:\/\/dmv.wordpress.hull.ac.uk\/index.php\/wp-json\/wp\/v2\/types\/page"}],"author":[{"embeddable":true,"href":"https:\/\/dmv.wordpress.hull.ac.uk\/index.php\/wp-json\/wp\/v2\/users\/2"}],"replies":[{"embeddable":true,"href":"https:\/\/dmv.wordpress.hull.ac.uk\/index.php\/wp-json\/wp\/v2\/comments?post=70"}],"version-history":[{"count":5,"href":"https:\/\/dmv.wordpress.hull.ac.uk\/index.php\/wp-json\/wp\/v2\/pages\/70\/revisions"}],"predecessor-version":[{"id":528,"href":"https:\/\/dmv.wordpress.hull.ac.uk\/index.php\/wp-json\/wp\/v2\/pages\/70\/revisions\/528"}],"up":[{"embeddable":true,"href":"https:\/\/dmv.wordpress.hull.ac.uk\/index.php\/wp-json\/wp\/v2\/pages\/49"}],"wp:featuredmedia":[{"embeddable":true,"href":"https:\/\/dmv.wordpress.hull.ac.uk\/index.php\/wp-json\/wp\/v2\/media\/573"}],"wp:attachment":[{"href":"https:\/\/dmv.wordpress.hull.ac.uk\/index.php\/wp-json\/wp\/v2\/media?parent=70"}],"curies":[{"name":"wp","href":"https:\/\/api.w.org\/{rel}","templated":true}]}}